0. Calculate the highest common divisor of o and t.
16
Suppose -c + 47 = 5*p, -5*c = -c + 2*p - 242. Suppose 4*m - c = -6. What is the greatest common factor of m and 18?
2
Let o = 109 - 107. Let m(d) = 91*d - 6. Let v be m(o). Let w(g) = -2*g - 4. Let y be w(-10). What is the greatest common factor of v and y?
16
Let g be 49/(-21)*(-1752)/28. What is the greatest common factor of g and 4307?
73
Let u(w) = -598*w**3 + 11*w**2 + 5*w - 4. Let n be u(-3). Calculate the greatest common factor of 19 and n.
19
Let h be (-2)/4*16*(0 - 1). Suppose -4*b - 3*u + 142 = 0, -b + 107 = 2*b + 2*u. Let a = -13 + b. What is the highest common divisor of h and a?
8
Let y be ((-21)/(105/50))/(-2)*7. What is the greatest common divisor of 707 and y?
7
Let a(j) = j**2 - 2*j - 39. Let l be 26/(-91) + 150/(-14). Let f be a(l). What is the greatest common factor of f and 78?
26
Let n(w) = 2*w**2 + 51*w + 60. Let u be n(-30). Calculate the greatest common divisor of u and 385.
55
Suppose -5*w + 4*k = -0*k + 3940, 3*w - 2*k = -2362. Let p = w + 820. Let t be (-2)/5 + (-44)/(-10). What is the greatest common divisor of t and p?
4
Suppose 0 = -141*j + 137*j + 864. Suppose 4*s + j = p, 2*s = 4*p + 4*s - 936. Let x be (-435)/10*(-4)/6. Calculate the highest common divisor of x and p.
29
Let z(n) = -2*n**3 - 1 - 13*n**2 + 4*n - 20*n + 11*n + 11*n. Let o be z(-7). What is the greatest common factor of 10 and o?
2
Suppose 6 = -4*k - l + 44, 0 = 4*k + 4*l - 32. What is the highest common factor of 285 and k?
5
Suppose -80*d = -79*d - 10. Suppose 28 = -d*f + 17*f. Suppose 32 = f*y - 0*y. Calculate the greatest common factor of y and 72.
8
Let h = 175 + -243. Let o = h + 71. Calculate the greatest common divisor of 93 and o.
3
Let s be (-1 + 162/(-10))/((-211)/2110). Calculate the greatest common divisor of 301 and s.
43
Let t be (-147911)/(-59) - (-1526)/45017. What is the greatest common divisor of 161 and t?
23
Let h be -547 - 1*(-12)/6 - -2. Let u = -507 - h. What is the highest common factor of u and 180?
36
Let f = -258 + 368. Suppose t = f - 40. Calculate the greatest common divisor of 14 and t.
14
Suppose 116*m - 701 = 1039. What is the highest common factor of 267 and m?
3
Suppose -10351 - 28169 = -90*j. Calculate the greatest common factor of j and 32.
4
Let t = -8733 + 8876. What is the highest common divisor of 33 and t?
11
Suppose -1035 = -12*o + 765. Suppose 14*f - 3802 = -1002. What is the highest common factor of o and f?
50
Suppose -75*z = -313 - 215 + 3. Let x be (63/6)/((-6)/(-32)). Suppose 14 - x = -2*l. Calculate the highest common factor of l and z.
7
Suppose 5*f - 74*c + 69*c = 5885, c = -4*f + 4688. Calculate the highest common divisor of f and 204.
51
Let b(c) = 3*c**2 + 98*c - 25. Let w be b(-33). Let t be -7 + 10 + 401 - w. Calculate the highest common factor of 24 and t.
12
Suppose 2*i = -2*x + 40, 0*x - 3*x + 3 = 0. Suppose -v = s - 69, -4*v = 3*s - 260 - i. What is the greatest common divisor of 192 and v?
24
Let y be (-814 - 31)*(-4 - -7)/(-15). Calculate the greatest common divisor of 52 and y.
13
Let p be (-117)/390 - (-2)/(20/593). Calculate the greatest common divisor of 2 and p.
1
Let b be 0/2 + (-150)/(-5). Let y = 56 + b. Calculate the highest common divisor of 129 and y.
43
Let v = -50 + 154. Let p(b) be the first derivative of -7*b**4/2 + b**2 + b + 1. Let s be p(-1). Calculate the greatest common factor of v and s.
13
Suppose 229*r - 70 - 90 = 213*r. Suppose -t - 2*g + 10 = 0, -t + 0*g + 13 = 3*g. Calculate the greatest common divisor of r and t.
2
Suppose -68 - 68 = x. Let i = 261 + x. Let b = 50 + 0. What is the greatest common factor of b and i?
25
Suppose 0 = -13*z + 23 + 3. Suppose 0 = -g - 3*m + 80, z*g + 3*m - 29 - 131 = 0. What is the highest common divisor of g and 10?
10
Let t be 1/(-16) + (-611716)/(-3136). Calculate the greatest common factor of t and 945.
15
Suppose 5*i + 32 = -3*k - k, 3*i = 0. Let h be (0 + (-27)/(-6))*k. Let b = h + 46. What is the greatest common divisor of 90 and b?
10
Let o(n) = n**3 - 9*n**2 - 34*n + 246. Let c be o(10). What is the highest common factor of c and 161?
1
Let o(c) = 6*c - 26. Let s be o(5). Suppose -n - 3276 = -s*n. Suppose 0 = b + 12*b - n. What is the greatest common divisor of 210 and b?
42
Let w(y) = y - 2. Let d be w(4). Suppose d*c + c - 3 = 0. Let v be (64/(-12) + c + -1)*-3. What is the highest common factor of v and 112?
16
Let g be 4*2/8 - -76. Suppose 0 = z - 5*f - g, -2*z = -f - 0*f - 109. Suppose 5*x = x + z. Calculate the highest common factor of x and 39.
13
Let g(p) = -p**3 + 17*p**2 + 5*p + 373. Let q be g(17). What is the highest common divisor of q and 4?
2
Let y(c) = c**3 - 10*c**2 - 13*c + 28. Let i be y(12). Suppose -3*h + d + 3*d = -i, 4*d + 16 = 0. What is the greatest common divisor of 6 and h?
6
Let y(p) = p**2 - 4*p - 211. Let h be y(-13). Let r be ((-184)/(-4))/(5/h). What is the greatest common divisor of r and 920?
92
Let r be (-12)/(-60)*-10 + (157 + 2 - 2). What is the greatest common factor of r and 185?
5
Suppose 2*c = 13*m - 8*m - 106, -5*c = -5*m + 235. Let d = 248 + c. What is the greatest common divisor of d and 5?
5
Let o(m) = -211*m - 27376. Let a be o(-130). Let q(g) = -g**3 - g**2 + g + 72. Let r be q(0). Calculate the greatest common divisor of a and r.
18
Suppose -6*b - 15*b + 378 = 0. Suppose 30*u - 148 - 572 = 0. Calculate the greatest common divisor of u and b.
6
Suppose -122 + 234 = 16*r. Calculate the greatest common divisor of 6209 and r.
7
Let h = -17297 - -28165. What is the highest common divisor of h and 11?
11
Suppose -17*n + 14*n = -4*n + 10. What is the highest common factor of 2770 and n?
10
Let x be (3155/4)/((-390)/(-48) - 8). What is the highest common divisor of 20 and x?
10
Let a(z) = z**3 - 3*z**2 - 8*z + 13. Let k be a(7). Let v = 163 - k. Let q be 159 + (-3)/((-6)/v). What is the highest common factor of 41 and q?
41
Let i = 26 - 9. Suppose -y + 22 - i = 0. Let t be y/((-5)/(-12)) - 3. Calculate the greatest common factor of t and 45.
9
Suppose 27*t + 41*t - 1926 = -39*t. What is the greatest common divisor of t and 11106?
18
Suppose 0 = 41*y + 14858 - 20598. Calculate the highest common factor of 1505 and y.
35
Suppose -2*q - 3*q = -335. Let b(m) = -1175*m + 21516. Let k be b(17). What is the greatest common factor of q and k?
67
Suppose 96*a + t + 9257 = 100*a, -4*t + 11566 = 5*a. What is the greatest common factor of 712 and a?
178
Suppose 15*d - 4180 + 1210 = 0. Calculate the greatest common divisor of d and 9603.
99
Let t be (-1322)/(-5) - 2/5. Suppose -o + 29 = 27. Suppose -4*i + 102 = -o*x, -3*i - 4*x = -0*i - 60. What is the greatest common factor of i and t?
24
Suppose 2*s + y + 0*y = 75, 0 = 3*s - 5*y - 80. Let l(x) = x**3 - 19*x**2 + 29*x + 113. Let b be l(17). Calculate the highest common divisor of s and b.
7
Suppose 0 = 59*t - 55*t - 160. Suppose b - 5*b = -t. Calculate the greatest common factor of 10 and b.
10
Suppose -7*w - 3*w + 4650 = 0. Let q = 466 - w. Calculate the greatest common factor of 29 and q.
1
Let s(p) = p**3 - 43*p**2 + 151*p + 216. Let u be s(39). What is the greatest common divisor of u and 847?
7
Let j(w) = w**2 + 5*w + 1. Let g be j(-5). Let k be (-6)/33*g + (-6)/(-33). Suppose k = 7*r + r - 704. What is the greatest common divisor of 11 and r?
11
Suppose -18 = -i + 4*n, -6*n + 8*n - 68 = -3*i. Let s = i + 47. What is the greatest common divisor of s and 3?
3
Let c be ((-1)/2)/(-4*(-4)/(-128)). Suppose 4 = 4*z, -5*z = c*y - 34 - 11. Calculate the highest common divisor of 290 and y.
10
Let y be -2547*1/(-1) + 33/11. Calculate the greatest common divisor of 204 and y.
102
Let d be 3 + 58/(-18) + 13568/954. Calculate the highest common factor of 9226 and d.
14
Suppose -3*q + 268 = 2*v, 8*v + 284 = 3*q + 6*v. Suppose -52*z + q = -50*z. What is the highest common divisor of z and 161?
23
Suppose 0 = -35*t + 41*t - 1914. Let z = -312 + t. What is the highest common factor of 3 and z?
1
Let s be ((-469)/(-14) - 7) + (-1)/2. Suppose -s*t + 16*t + 1600 = 0. Calculate the highest common factor of 20 and t.
20
Let c = 4081 + -2924. What is the highest common divisor of c and 623?
89
Let r be (-4)/32 - (-1342)/(-16). Let o be (r/(-35))/((-2)/(-120)). Let x be 21/35 + 252/30. What is the greate